- 3*j. Suppose 5*m - m + 76 = 0. Let y = m + 27. Calculate the greatest common divisor of h and y.
4
Suppose -4*f = -2*x, -x + 5 = 2*f + f. Suppose -117 = v - x*v. Let l(r) = r + 13. Let b be l(0). Calculate the highest common factor of b and v.
13
Let m(l) = -10*l + 36. Let h be m(3). What is the greatest common divisor of 48 and h?
6
Let m = 331 + -323. Let z = 0 + 8. Calculate the highest common divisor of m and z.
8
Let r = -3 + 28. Let l be 31/(-3) + (-2)/(-6). Let f = -5 - l. What is the greatest common factor of r and f?
5
Suppose 8*s - 5*s - 72 = 0. What is the highest common factor of s and 36?
12
Let a be (-2)/(-7) - 130/(-35). Suppose 0 = a*v - 443 + 3. Calculate the highest common divisor of 10 and v.
10
Let g = 6 + -7. Let z be (-2 + -2)/((-1)/g). Let y be 22/((3/(-3))/z). Calculate the highest common factor of y and 11.
11
Suppose 9 = -3*v - 3*c + 6*c, -4*v - 3*c + 16 = 0. Let n = 13 - v. Let i(r) = 8*r - 12. Let z be i(9). What is the greatest common factor of z and n?
12
Suppose -5*m + 2*p + 54 = -52, 0 = 3*p - 6. Calculate the greatest common divisor of m and 11.
11
Suppose -3*c = 6, 4*c = 4*j + 9*c - 530. Calculate the highest common factor of j and 15.
15
Let f = -22 + 49. Let o = f + 34. Let z = 97 - o. Calculate the highest common divisor of 24 and z.
12
Suppose -2*z + 10 - 2 = 0. Suppose 3*f - 87 = h - z*h, f = h - 19. What is the greatest common factor of h and 3?
3
Let q be 1/4 - (-27)/(-12). Let c = q - -1. Let m(u) = -4*u**3 - u**2 + 1. Let v be m(c). Calculate the highest common factor of 2 and v.
2
Let r = 20 - 13. Calculate the highest common factor of 63 and r.
7
Let q(c) = -c**2 - 8*c - 7. Let z be q(-7). Suppose -4*l + 18 + 114 = z. Calculate the highest common divisor of 22 and l.
11
Suppose 5*a = -i + 27, 3*i - 2*a - 64 = -i. Let m = -6 + i. Calculate the greatest common divisor of m and 11.
11
Suppose -v + 1 = 0, 3*v + v - 13 = -3*s. Let i = 5 - 2. Calculate the highest common factor of i and s.
3
Let g = -328 - -460. Suppose -4 + 32 = r. Let j be (-8)/r + 86/7. What is the greatest common divisor of g and j?
12
Let r be 1 + 3 - 2 - -5. Let k be (8/(-2))/((-6)/21). What is the greatest common factor of r and k?
7
Let i be (2 + -1)/((-2)/(-36)). Suppose -2*f - 19 = -3*t, -4*t + 48 = 2*f + f. Calculate the greatest common factor of i and t.
9
Let j = 91 - -121. Let y = 300 - j. Suppose 6*f - 5*f = 11. Calculate the greatest common divisor of y and f.
11
Let i(a) = a + 8. Let f be i(7). What is the greatest common factor of f and 45?
15
Let p(l) = -5 + 2 - 2 + 3*l. Let o be p(5). Let f be ((-4 - -7) + 7)/1. Calculate the greatest common divisor of o and f.
10
Let o be 2/(2*(-3)/(-30)). Let z(y) = y**3 + 2*y**2 + 2*y. Let r be z(-2). Let x be (-317)/r + (-6)/(-8). What is the highest common factor of o and x?
10
Let m be (-2 - 0) + 16/4. Calculate the greatest common factor of 4 and m.
2
Let x = -1 - -2. Let q be (49 - x)*(-16)/(-12). Let u be 1/(-5) - (-243)/15. Calculate the highest common factor of u and q.
16
Let o(g) = 11*g**2 - 2*g - 1. Let l be o(-1). Suppose 21 = -4*c - 51. Let p = -6 - c. What is the highest common factor of l and p?
12
Let y = -1 - -6. Suppose -4*u + u + o = -3, 3*u - 3*o + 3 = 0. Calculate the highest common divisor of u and y.
1
Suppose 0 = -0*y + 4*y - 40. Let p(v) = 11*v**2 + 2*v - 6. Let c be p(4). Let u be c/6 + (-7)/(-21). What is the greatest common factor of u and y?
10
Let s = -7 + 11. Suppose m + 8 = 3*b, -m = -2*b + 2*m - s. Let g be (-3 - 7)*(-18)/b. Calculate the greatest common divisor of g and 9.
9
Let u be (-1)/2*12/(-2). Let r(g) = -g**2 - 7*g + 1. Let n be r(-6). Let d(k) = k**2 - 6*k - 1. Let a be d(n). What is the greatest common divisor of a and u?
3
Let t(k) = k**2 + 3*k + 1. Let b be t(-4). Calculate the greatest common factor of b and 10.
5
Let i(z) = z. Let w be i(4). What is the highest common divisor of 4 and w?
4
Suppose 5*b + 785 = 5*p, 245 + 229 = 3*p - 2*b. Let r be p/(-6)*21/(-14). What is the highest common divisor of 5 and r?
5
Suppose 2*d - 4*y = -16, 4*d - 2*y + 2 = -4*y. Let r(i) = 4*i**2 + i + 1. Let b be r(d). Calculate the greatest common factor of b and 105.
15
Let k be (31/4)/((-6)/72). Let p be k/(-6) + (-2)/(-4). What is the highest common factor of p and 16?
16
Suppose -3*w = -2*h - 132, -236 = -w - 4*w - 2*h. What is the greatest common factor of 23 and w?
23
Suppose -5*c - 6*i - 552 = -2*i, -4*c - 2*i - 438 = 0. Let y = c - -278. Calculate the greatest common factor of y and 34.
34
Let h = -27 + 1. Let j = h + 38. What is the highest common divisor of 132 and j?
12
Let q(w) = w**2 - 7*w - 6. Let r be q(11). Calculate the highest common divisor of r and 19.
19
Let d = 136 - 90. What is the greatest common factor of 368 and d?
46
Let u be 324/16 + (1 + -4)/12. Let v = 13 + -5. What is the highest common divisor of u and v?
4
Let x be (4/2)/((-2)/(-6)). Calculate the highest common divisor of 54 and x.
6
Let q(m) = -m**3 + 13*m**2 - 12*m + 13. Let f be q(10). Suppose -4*r = 4*u - 380, -3*u = -2*r - 2*u + f. What is the greatest common divisor of r and 12?
12
Let z be -3 - ((-80)/3 - 3/9). Let m = -22 + 46. Calculate the greatest common divisor of z and m.
24
Suppose 0 = -0*t + t - 2. Suppose 3*n = t*n. Suppose n*o = 5*o - 45. What is the highest common divisor of o and 45?
9
Let d(p) = p - 1. Let q be d(10). Let i = 10 - q. Let w be (6/(-4))/((-2)/4). What is the greatest common factor of i and w?
1
Let u(z) = -8*z + 7. Let x be u(-6). Let v(r) = r**3 - 6*r**2 - 14*r - 11. Let g be v(8). What is the highest common factor of x and g?
5
Let i = -8 - -6. Let s be ((-6)/4)/(i/16). What is the greatest common divisor of 12 and s?
12
Suppose 0*a = -4*a - 12. Let b be 1/3*(a + 9). Calculate the greatest common divisor of 8 and b.
2
Let n(b) = b**2 - 2*b + 5. Let c be n(4). Let w = -560 + 1025. Suppose -5*r + w = 5*j, 5*r + 0*j = 3*j + 449. Calculate the highest common factor of r and c.
13
Let s(n) = 3*n**2 + 5*n + 3. Let b be s(-3). Calculate the highest common divisor of b and 3.
3
Let d(n) = n**2 - 2*n - 5. Suppose 3*h + 0*h = 12. Let p be d(h). Suppose -36 = -p*m + 9. What is the greatest common divisor of 45 and m?
15
Suppose 3*n - 63 = 201. Suppose -n - 56 = -3*b. Let r(w) = w**3 - w + 6. Let x be r(0). Calculate the highest common divisor of x and b.
6
Suppose -4*p - 1 - 3 = 0, 3*i + 2*p - 238 = 0. Suppose 9*l - 5*l - i = 0. Calculate the highest common divisor of l and 30.
10
Suppose 0 = 3*z - 4*z + 7. Let d be (-2)/2*7*(0 + -3). What is the greatest common factor of z and d?
7
Let s = 4 + -4. Suppose -4*g + 53 + 31 = s. What is the highest common factor of g and 3?
3
Let b = -1 + 2. Let v(r) = -4*r. Let m(h) = 7*h + 1. Let f(k) = -3*m(k) - 5*v(k). Let c be f(-4). Calculate the greatest common divisor of b and c.
1
Let x(w) = 2*w**2 - 1. Let p be (-2)/3 - 2/6. Let o be x(p). Let d = 2 + o. What is the highest common factor of d and 3?
3
Suppose 0 = -4*j + 4*x + 124, 79 = -5*j - 2*x + 206. Let h be 8/(-36) - (-2274)/j. Calculate the greatest common factor of 12 and h.
12
Suppose 15 = 2*a + 3*a. Suppose a*g + 5*i - 48 = 2*i, 0 = -3*g + 4*i + 76. What is the highest common divisor of 30 and g?
10
Let b be 3 - 1/((-2)/132). Suppose h + 4*r - 8 - b = 0, -272 = -4*h - 4*r. What is the greatest common factor of h and 13?
13
Suppose 4*r - 2*r = 5*u - 19, 0 = 5*r - 3*u + 38. Let z(v) = v**3 + 9*v**2 + 9*v + 7. Let d be z(r). Calculate the highest common factor of 21 and d.
21
Suppose -5*g + 30 - 5 = 0. Let u = g + -4. Let i be -1*u/2*-36. What is the greatest common divisor of 9 and i?
9
Let n(o) = o + 3. Let x be n(-6). Let z be (x - 13)/((-1)/7). What is the highest common factor of 14 and z?
14
Suppose -n + 4*z + 30 - 8 = 0, -n + 28 = -2*z. Suppose -4*l = -n - 10. Calculate the greatest common divisor of l and 99.
11
Let h(y) = -y - 7. Suppose 3*f = 4*q - 21 + 68, q + 33 = 5*f. Let r be h(q). Calculate the highest common divisor of r and 7.
1
Let m be (-3 - 12/(-5))*-10. Suppose 0 = m*x - 3*x - 165. Calculate the highest common factor of 5 and x.
5
Let z = 231 + -110. What is the greatest common divisor of 11 and z?
11
Let h(u) = -u**2 - 9*u. Let f be h(-7). What is the greatest common factor of 42 and f?
14
Let y be 6/27 + (-61)/(-9). What i